 9 = 0, 8*f - 3*f = 4*v - 14. What is the highest common factor of z and v?
1
Let n(w) = -3*w**3 - w**2 - 5*w - 6. Let k be n(-2). Suppose 17*a = k*a. Suppose a = 4*l - y - 7, -y = l + 1 - 4. What is the highest common divisor of l and 6?
2
Let h(n) be the first derivative of -n**4/4 - 5*n**3 + 5*n**2 + 6*n + 136. Let s be h(-16). Calculate the highest common divisor of 136 and s.
34
Suppose m = 14 - 6. Let k be (-6)/m*-4*16/6. What is the greatest common factor of 24 and k?
8
Let q be (-60)/9*(-72)/60. Suppose -4*d = x - 157, d + q*x - 3*x - 63 = 0. What is the greatest common factor of d and 646?
38
Let l be 48/28*(-11424)/(-72). What is the highest common divisor of l and 782?
34
Let l be (-12)/(-114) - ((-12840)/38 + 5). What is the greatest common divisor of 74 and l?
37
Suppose -18*o + 21330 = -97*o. Let v be (-10)/o*-6 + 542/9. Let u(b) = 7*b**2 + b - 2. Let w be u(-2). Calculate the greatest common divisor of v and w.
12
Let b(h) = -6*h**3 + 2*h**2 - 6*h - 20. Let d be b(-6). Suppose -5*n = -d - 696. What is the highest common factor of 26 and n?
26
Let v be 288/108*(-126)/(-4). Suppose v = b + 42. What is the greatest common divisor of 112 and b?
14
Let y = -2249 - -3928. Calculate the highest common factor of 219 and y.
73
Let v be ((-26)/6)/((-17)/1122). What is the highest common divisor of v and 104?
26
Suppose -156*a + 153*a = -5*x + 3913, -3*a = -4*x + 3131. What is the highest common factor of 34 and x?
34
Suppose 101*p - 265 = 45*p + 295. What is the highest common factor of 2630 and p?
10
Suppose 344 = -1622*w + 1646*w - 40. What is the highest common divisor of 368 and w?
16
Let y = -27 - -64. Suppose -44*k + 693 = -y*k. Suppose -12 + 1 = -a. Calculate the highest common divisor of a and k.
11
Let a be (-15 - 3)/(8/(-1) + 2349/294). Calculate the highest common divisor of a and 90.
18
Suppose -12*i - 3670 = -2*i. Let z = 441 + i. What is the greatest common factor of z and 1850?
74
Let s(f) = 4*f - 6. Let h be s(6). Suppose -2*c - c + h = 0. Let y = -1914 + 1926. What is the highest common factor of y and c?
6
Let n(q) = 130*q - 772. Let z be n(8). Calculate the greatest common divisor of z and 4422.
134
Suppose 2*y + 3*t + 862 = -2*y, 0 = 3*y + t + 649. Let r = -209 - y. What is the highest common divisor of 232 and r?
8
Suppose 32 = -s - 9. Let c = 44 + s. Suppose v - 27 = -3*i, -34 = -2*v - 5*i + c*i. What is the greatest common divisor of 24 and v?
12
Let t = 54 - 50. Let g be (-1)/(-1)*(t + 18) - 0. Calculate the greatest common factor of g and 99.
11
Let s(w) = 2007*w - 51712. Let v be s(26). Let b be 12 - ((-6)/1)/(-3). Calculate the highest common divisor of b and v.
10
Let g = 70 + -59. Suppose -k - 119 = -3*u, -6*u + g*u - 2*k - 200 = 0. What is the greatest common divisor of u and 95?
19
Let o(h) = -h**3 - 29*h**2 - 25*h + 89. Let f be o(-28). What is the greatest common divisor of 10345 and f?
5
Suppose -3*k + 2*y + 112 = 0, -19*y + 30 = k - 16*y. What is the greatest common factor of 8916 and k?
12
Let k = -16066 - -16126. Suppose 4*z + 2*l = 86, -4*z - 2*l = -5*l - 71. Calculate the highest common divisor of k and z.
20
Let p(l) = 126*l + 2532. Let x be p(24). What is the highest common factor of 3 and x?
3
Let a = 56 + -10. Let n = a - 64. Let t be -48*((-32)/n - 2)*6. What is the greatest common factor of 32 and t?
32
Let b = -301 - -302. Let z(c) = 34*c**3 - c**2 - c + 2. Let d be z(b). Calculate the highest common divisor of 1088 and d.
34
Let y be ((-13)/26)/(1/2). Let m be ((-22)/(-11))/(y - 18/(-14)). Let c be ((-1)/(-3))/((-1)/(-42)). Calculate the highest common divisor of c and m.
7
Let v = -1014 + 11609. What is the highest common divisor of 130 and v?
65
Let p be (-775)/(-10) + (-45)/(-25)*20/(-24). What is the greatest common factor of p and 7657?
19
Suppose -379 = 20*t - 24*t + h, 0 = 3*t - 2*h - 288. What is the greatest common divisor of t and 1269?
47
Let b = 23 - 39. Let p be ((-156)/(-13))/((-2)/(-8)*-6). Let j = p - b. Calculate the greatest common divisor of 16 and j.
8
Let n = -420519 - -421887. Let o be (-2584)/(-36) - (-2)/9. What is the highest common factor of n and o?
72
Let x be ((-4 - 1) + -4 - -2)*120/(-7). Calculate the highest common divisor of x and 4656.
24
Let y = -360 - -364. Suppose -3*z + y*z - 1 = -2*g, z - 31 = 4*g. Let m = 2 + -1. What is the greatest common factor of z and m?
1
Let j(z) = -11*z - 154. Let i be j(-42). Let p(v) = 4*v + 2. Let u be p(5). Calculate the highest common factor of u and i.
22
Let j = 102 - 93. Suppose 3*n - j*w + 7*w = 62, n - 19 = -w. Calculate the greatest common divisor of n and 16.
4
Let v = 255 - -11. Suppose 3*x - 791 = -v. Calculate the greatest common factor of 50 and x.
25
Let o = 519 - 326. Let l = o - 181. What is the highest common factor of l and 40?
4
Suppose 19*u = 57*u - 1330. Let k be (4 + 51)/(-2*2/(-4)). What is the highest common divisor of k and u?
5
Suppose 5*q - 3*w - 108 = 0, -q + 4*w + 7 = -1. Suppose -4*g = -2*k + 52, -102 = -50*k + 47*k + 3*g. Calculate the greatest common factor of q and k.
6
Suppose -2*t + 48*x = 43*x - 219, -t - 4*x = -116. Let b be (-62)/(-3) + (-4)/(-12). What is the highest common divisor of b and t?
7
Let g(w) = w**3 - 13*w**2 + 21*w + 12. Let d be g(11). Let z be (67/2)/(d/28). Let v be z/8 + 3/(-12). What is the highest common divisor of v and 39?
39
Suppose -77 = -3*v + j, 0 = 36*v - 38*v + 2*j + 58. Let q be 2/(-4) - (-1227)/6. What is the highest common divisor of v and q?
12
Let s(n) = -6*n - 2. Let p = 43 + -44. Let i be s(p). Suppose 6 - 30 = -i*x. Calculate the highest common factor of 24 and x.
6
Let z(j) = -j**3 - 8*j**2 - 4*j + 4. Let m = -47 - -39. Let y be z(m). Suppose -7*i - 345 = -1227. What is the greatest common divisor of i and y?
18
Suppose 3*z + 128 = 3*b + z, 5*z + 220 = 5*b. Let x = b + -41. Let v be (x - (1 - 53))*1/3. What is the greatest common factor of v and 119?
17
Let f(b) = 21*b**2 + 30*b + 210. Let x be f(-5). Calculate the highest common divisor of x and 104.
13
Suppose 3*g + 1016 = -4*r, 0 = 5*g + r + 536 + 1180. Let z = 454 + g. What is the highest common factor of z and 11?
11
Suppose -29*n - 210 = -32*n. Suppose n*j = 77*j - 182. Calculate the highest common divisor of 182 and j.
26
Let c(m) = 4*m**3 + 8*m**2 + m - 28. Let l be c(2). What is the greatest common factor of l and 4294?
38
Suppose 2*r + 2*k - 1033 - 703 = 0, r + 5*k = 844. Calculate the highest common factor of 1368 and r.
38
Suppose -7868 = 10*s - 26889 - 13379. Calculate the greatest common factor of s and 120.
120
Let t = -8265 - -14052. Calculate the highest common divisor of t and 9.
9
Suppose -28 = 7*z - 35. Let j be ((-208)/78)/(z - (-34)/(-30)). What is the highest common factor of 410 and j?
10
Suppose -1456 = -72*b + 704. What is the highest common divisor of 20 and b?
10
Let i be 131080/(-339)*(-1)/(5/156). Suppose -10*u + i = 16*u. What is the highest common divisor of 58 and u?
58
Suppose -17*v + 15*v - d = -536, 0 = -4*v + 5*d + 1128. Calculate the greatest common factor of v and 24344.
136
Suppose 4*c - 1102 = -5*n, n + 2*n = 3*c + 645. Let o = n + -113. Let d = o + -57. Calculate the greatest common divisor of 60 and d.
12
Let o be (-76)/6*(-4)/(16/6). Let l be (o + -24)/(2/(-4)). Let k be 2 - -17 - (3 + 1). What is the highest common divisor of l and k?
5
Let o = -291 - -293. Let i be 3/(-2)*(o + 1846/(-39)). Calculate the highest common divisor of i and 374.
34
Suppose 4*y - 560 = -3*y. Suppose -4*h = -18 - 2. What is the greatest common factor of h and y?
5
Let d be 4 - (-10 - -1)*4/(-12). Let b be ((-12)/8*-10)/d*2. Let f(u) = 74*u**2 - 2*u - 1. Let s be f(-1). Calculate the highest common factor of s and b.
15
Let n(g) = 234*g + 6720. Let j be n(-16). Calculate the highest common factor of 465 and j.
93
Suppose 0 = -2*y - 2*t + 354, -2*y + 11*t + 357 = 14*t. What is the greatest common factor of y and 7192?
58
Suppose d = 7 - 9. Let a(y) = 41*y**2 - 5*y + 1. Let t be a(d). Calculate the highest common divisor of t and 35.
35
Let n(k) = k**3 + 49*k**2 + 42*k - 1696. Let o be n(-41). What is the highest common divisor of o and 34?
34
Let j = 162 + 103. Suppose -5*v = -t + 77, -4*t + v + j = t. What is the highest common divisor of t and 1196?
52
Suppose 0 = -k + 31*k - 